{"id":2952,"date":"2014-10-25T10:04:56","date_gmt":"2014-10-25T09:04:56","guid":{"rendered":"http:\/\/www.keris-studio.fr\/blog\/?page_id=2952"},"modified":"2025-05-02T10:37:55","modified_gmt":"2025-05-02T09:37:55","slug":"naexus","status":"publish","type":"page","link":"https:\/\/www.keris-studio.fr\/blog\/?page_id=2952","title":{"rendered":"Immersions-VR"},"content":{"rendered":"<p align=\"justify\"><strong>Ecouter en podcast :<\/strong><\/p>\n<audio class=\"wp-audio-shortcode\" id=\"audio-2952-1\" preload=\"none\" style=\"width: 100%;\" controls=\"controls\"><source type=\"audio\/wav\" src=\"https:\/\/www.keris-studio.fr\/blog\/wp-content\/Immersions-VR-et-Dispositifs-Panoramiques.wav?_=1\" \/><a href=\"https:\/\/www.keris-studio.fr\/blog\/wp-content\/Immersions-VR-et-Dispositifs-Panoramiques.wav\">https:\/\/www.keris-studio.fr\/blog\/wp-content\/Immersions-VR-et-Dispositifs-Panoramiques.wav<\/a><\/audio>\n<p align=\"justify\">Les <strong>panoramas<\/strong> \u00e9voquent souvent une attraction d\u00e9su\u00e8te, n\u00e9e un peu avant le 19\u00e8me si\u00e8cle et terrass\u00e9e par le cin\u00e9ma, \u00e0 l\u2019aube du 20\u00e8me si\u00e8cle. En r\u00e9alit\u00e9, les panoramas, belv\u00e9d\u00e8res virtuels sur des mondes distants dans l\u2019espace ou le temps, annoncent les \u00e9volutions du th\u00e9\u00e2tre qui passeront de la frontalit\u00e9 du th\u00e9\u00e2tre \u00e0 l\u2019italienne \u00e0 l\u2019utopie du th\u00e9\u00e2tre total et accompagnent le d\u00e9veloppement et la mise en \u0153uvre des techniques visuelles, de la peinture au cin\u00e9ma en passant par la photographie. Les panoramas ne sont pas r\u00e9ductibles \u00e0 la seule image \u00e0 360\u00b0, ce sont des dispositifs techniques complexes, dont la r\u00e9ussite repose sur la maitrise des flux et la mise en sc\u00e8ne de l\u2019acc\u00e8s du public, le contr\u00f4le stricte de la lumi\u00e8re et de sa diffusion, le calcul de l\u2019illusion donn\u00e9e par la perspective en fonction de points de vue multiples et la r\u00e9alisation d\u2019une ambiance int\u00e9rieure qui sert \u00e0 la fois le contraste avec l\u2019ext\u00e9rieur et l\u2019\u00e9merveillement. Les principes conceptuels visant \u00e0 concevoir un dispositif immersif sont toujours valides aujourd\u2019hui, supportant le passage de l\u2019image peinte \u00e0 l\u2019animation num\u00e9rique car ils sont moins d\u00e9pendants de la technique visuelle que de la sc\u00e9nographie de l\u2019espace de pr\u00e9sentation.<\/p>\n<p align=\"justify\"><a href=\"https:\/\/www.keris-studio.fr\/blog\/wp-content\/cropped-LL-C-Vue04b.PNG.png\"><img loading=\"lazy\" decoding=\"async\" class=\"alignnone size-full wp-image-9630\" src=\"https:\/\/www.keris-studio.fr\/blog\/wp-content\/cropped-LL-C-Vue04b.PNG.png\" alt=\"\" width=\"512\" height=\"512\" srcset=\"https:\/\/www.keris-studio.fr\/blog\/wp-content\/cropped-LL-C-Vue04b.PNG.png 512w, https:\/\/www.keris-studio.fr\/blog\/wp-content\/cropped-LL-C-Vue04b.PNG-150x150.png 150w, https:\/\/www.keris-studio.fr\/blog\/wp-content\/cropped-LL-C-Vue04b.PNG-300x300.png 300w, https:\/\/www.keris-studio.fr\/blog\/wp-content\/cropped-LL-C-Vue04b.PNG-270x270.png 270w, https:\/\/www.keris-studio.fr\/blog\/wp-content\/cropped-LL-C-Vue04b.PNG-192x192.png 192w, https:\/\/www.keris-studio.fr\/blog\/wp-content\/cropped-LL-C-Vue04b.PNG-180x180.png 180w, https:\/\/www.keris-studio.fr\/blog\/wp-content\/cropped-LL-C-Vue04b.PNG-32x32.png 32w\" sizes=\"auto, (max-width: 512px) 100vw, 512px\" \/><\/a><\/p>\n<p align=\"justify\">Les <strong>panoramas<\/strong> ne sont pas r\u00e9ductibles \u00e0 la seule image \u00e0 360\u00b0, ce sont des dispositifs techniques complexes, dont la r\u00e9ussite repose sur la maitrise des flux et la mise en sc\u00e8ne de l\u2019acc\u00e8s du public, le contr\u00f4le stricte de la lumi\u00e8re et de sa diffusion, le calcul de l\u2019illusion donn\u00e9e par la perspective en fonction de points de vue multiples et la r\u00e9alisation d\u2019une ambiance int\u00e9rieure qui sert \u00e0 la fois le contraste avec l\u2019ext\u00e9rieur et l\u2019\u00e9merveillement. Les principes conceptuels visant \u00e0 concevoir un dispositif immersif sont toujours valides aujourd\u2019hui, supportant le passage de l\u2019image peinte \u00e0 l\u2019animation num\u00e9rique car ils sont moins d\u00e9pendants de la technique visuelle que de la sc\u00e9nographie de l\u2019espace de pr\u00e9sentation.<\/p>\n<p align=\"justify\">N\u00e6xus \u2013 Virtual Space Scope est un dispositif de visualisation immersif d\u00e9velopp\u00e9 \u00e0 l\u2019origine \u00e0 la Hochschule Anhalt (FH) de Dessau et inscrit d\u00e9sormais en coproduction scientifique et technique avec l\u2019Ecole Nationale Sup\u00e9rieure d\u2019Architecture de Nantes, le laboratoire CRENAU.<\/p>\n<p align=\"justify\">N\u00e6xus se pr\u00e9sente sous la forme d\u2019une bulle immersive \u00e9quip\u00e9e dans son espace int\u00e9rieur d\u2019un \u00e9cran panoramique et d\u2019enceintes pour la restitution sonore tridimensionnelle. A l\u2019ext\u00e9rieur, la structure offre des surfaces d\u2019exposition. Dans le mod\u00e8le actuellement en service, le rayon maximal est de 3m, l\u2019utilisateur est au centre d\u2019un cercle de 5m de diam\u00e8tre ce qui correspond \u00e0 une utilisation pour trois-quatre personnes \u00e0 la fois.<\/p>\n<p align=\"justify\"><a href=\"https:\/\/www.keris-studio.fr\/blog\/wp-content\/clip_image00211.jpg\"><img loading=\"lazy\" decoding=\"async\" style=\"background-image: none; padding-top: 0px; padding-left: 0px; display: inline; padding-right: 0px; border: 0px;\" title=\"clip_image002\" src=\"https:\/\/www.keris-studio.fr\/blog\/wp-content\/clip_image002_thumb11.jpg\" alt=\"clip_image002\" width=\"571\" height=\"311\" border=\"0\" \/><\/a><\/p>\n<p align=\"justify\">L\u2019impression d\u2019immersion est donn\u00e9e par la couverture de l\u2019ensemble du champ visuel. La projection se fait sur un \u00e9cran courb\u00e9 d\u20191m 50 de hauteur. L\u2019image environne compl\u00e8tement l\u2019utilisateur, lui procurant une forte sensation immersive.<b> <\/b>Techniquement, N\u00e6xus est \u00e9quip\u00e9 de 4 vid\u00e9oprojecteurs classiques de type Home cin\u00e9ma, plac\u00e9s sur la partie haute de la structure.<\/p>\n<p align=\"justify\">L\u2019image projet\u00e9e \u00e0 l\u2019\u00e9cran est n\u2019est produite que par une seule machine, qu\u2019elle soit issue d\u2019un logiciel 3D, d\u2019un film ou de toute application contrairement aux syst\u00e8mes \u00e9quivalent demandant une machine par vid\u00e9oprojecteur. Les syst\u00e8mes est donc parfaitement transparent pour l\u2019utilisateur. Au sortir de l\u2019ordinateur, elle est d\u00e9coup\u00e9e r\u00e9partie sur les vid\u00e9oprojecteurs et recompos\u00e9e sans que les jointures ne se voient.<\/p>\n<p align=\"justify\">L\u2019utilisateur de N\u00e6xus est aux commandes de sa visite. Il peut interagir de diverses mani\u00e8res. Equip\u00e9 d\u2019une souris 3D, il peut piloter sa progression en choisissant sa vitesse et sa direction, saisir des objets et d\u00e9clencher des actions. Avec un \u00ab tracker \u00bb plac\u00e9 sur son corps, l\u2019utilisateur voit son environnement virtuel correspondre \u00e0 ses d\u00e9placements ou plus encore peut commander son avatar incrust\u00e9 dans la sc\u00e8ne num\u00e9rique.<\/p>\n<p align=\"justify\">Pens\u00e9 comme un objet int\u00e9rieur et ext\u00e9rieur, le Naexus dispose en ext\u00e9rieur des tablettes servant de support \u00e0 des objets d\u2019exposition. L\u2019\u00e9cran inactif, le dispositif devient un cocon. Ouvert aux propositions formelles des artistes de la sc\u00e8ne num\u00e9rique, le Naexus a \u00e9t\u00e9 pr\u00e9sent\u00e9 au Festival Scopitone et entre dans plusieurs partenariats universitaires et institutionnels.<\/p>\n<p align=\"justify\"><ul class=\"lcp_catlist\" id=\"lcp_instance_0\"><li><a href=\"https:\/\/www.keris-studio.fr\/blog\/?p=12662\">Coraulis GeoFun<\/a><\/li><li><a href=\"https:\/\/www.keris-studio.fr\/blog\/?p=12180\">Analysis of a spatial-sequential configuration in 360\u00b0<\/a><\/li><li><a href=\"https:\/\/www.keris-studio.fr\/blog\/?p=11966\">Setting up a custom environment in Spatial<\/a><\/li><li><a href=\"https:\/\/www.keris-studio.fr\/blog\/?p=12000\">Temps et Espaces multiples dans le cin\u00e9ma immersifs.<\/a><\/li><li><a href=\"https:\/\/www.keris-studio.fr\/blog\/?p=12003\">Une arch\u00e9ologie de l&rsquo;immersion, dispositifs et concepts<\/a><\/li><li><a href=\"https:\/\/www.keris-studio.fr\/blog\/?p=11338\">Spaces for Virtual Reality<\/a><\/li><li><a href=\"https:\/\/www.keris-studio.fr\/blog\/?p=12441\">Les films immersifs 2011-2012<\/a><\/li><li><a href=\"https:\/\/www.keris-studio.fr\/blog\/?p=10752\">Conception narrative<\/a><\/li><li><a href=\"https:\/\/www.keris-studio.fr\/blog\/?p=10246\">Panoramas oubli\u00e9s\u00a0: restitution et simulation visuelle.<\/a><\/li><li><a href=\"https:\/\/www.keris-studio.fr\/blog\/?p=10200\">360 vision, from panoramas to VR<\/a><\/li><li><a href=\"https:\/\/www.keris-studio.fr\/blog\/?p=9980\">Twinmotion 2018 &#8211; VR Panorama<\/a><\/li><li><a href=\"https:\/\/www.keris-studio.fr\/blog\/?p=9826\">3D-Photo &#8211; Visites 360<\/a><\/li><li><a href=\"https:\/\/www.keris-studio.fr\/blog\/?p=9804\">360 photo -&gt; fast animation<\/a><\/li><li><a href=\"https:\/\/www.keris-studio.fr\/blog\/?p=9724\">Twinmotion -&gt; VR headsets<\/a><\/li><li><a href=\"https:\/\/www.keris-studio.fr\/blog\/?p=9623\">La St\u00e8le Manquante ; version Panorama 1<\/a><\/li><li><a href=\"https:\/\/www.keris-studio.fr\/blog\/?p=9497\">M&eacute;moire&ndash;Naexus et films d&rsquo;animation<\/a><\/li><li><a href=\"https:\/\/www.keris-studio.fr\/blog\/?p=9466\">Virtual retrospect 2013<\/a><\/li><li><a href=\"https:\/\/www.keris-studio.fr\/blog\/?p=9218\">Naexus 2.0 &agrave; Arzon&ndash;Presse<\/a><\/li><li><a href=\"https:\/\/www.keris-studio.fr\/blog\/?p=9051\">Naexus 2.0 \u00e0 Carnac &#8211; Morbihan<\/a><\/li><li><a href=\"https:\/\/www.keris-studio.fr\/blog\/?p=9046\">Naexus 2.0 au Salon Innovative &#8211; Paris<\/a><\/li><li><a href=\"https:\/\/www.keris-studio.fr\/blog\/?p=9022\">Unity 3D &ndash; cr&eacute;er une sph&egrave;re d&rsquo;environnement.<\/a><\/li><li><a href=\"https:\/\/www.keris-studio.fr\/blog\/?p=8609\">Naexus 2.0 &#8211; Semaine du Golfe &#8211; Ambiances<\/a><\/li><li><a href=\"https:\/\/www.keris-studio.fr\/blog\/?p=8566\">Naexus 2.0&ndash;Semaine du golfe&ndash;making off<\/a><\/li><li><a href=\"https:\/\/www.keris-studio.fr\/blog\/?p=9054\">Naexus 2.0 article Ouest-Magazine<\/a><\/li><li><a href=\"https:\/\/www.keris-studio.fr\/blog\/?p=4429\">Communication 18th ICOMOS&ndash;Naexus<\/a><\/li><li><a href=\"https:\/\/www.keris-studio.fr\/blog\/?p=6512\">Naexus &#8211; Description du dispositif<\/a><\/li><li><a href=\"https:\/\/www.keris-studio.fr\/blog\/?p=2715\">Des Menhirs et des Hommes<\/a><\/li><li><a href=\"https:\/\/www.keris-studio.fr\/blog\/?p=2704\">Article Bretagne Magazine<\/a><\/li><li><a href=\"https:\/\/www.keris-studio.fr\/blog\/?p=2670\">Le Naexus-pr\u00e9sentation g\u00e9n\u00e9rale<\/a><\/li><li><a href=\"https:\/\/www.keris-studio.fr\/blog\/?p=8658\">Naexus &#8211; Virtual Retrospect Bordeaux<\/a><\/li><li><a href=\"https:\/\/www.keris-studio.fr\/blog\/?p=9239\">Naexus &agrave; Scopitone 2013<\/a><\/li><li><a href=\"https:\/\/www.keris-studio.fr\/blog\/?p=2325\">Gavrinis&ndash;semaine du Golfe<\/a><\/li><li><a href=\"https:\/\/www.keris-studio.fr\/blog\/?p=2324\">Naexus &agrave; la semaine du Golfe<\/a><\/li><li><a href=\"https:\/\/www.keris-studio.fr\/blog\/?p=2486\">Gavrinis \/ Naexus &#8211; Semaine du Golfe<\/a><\/li><li><a href=\"https:\/\/www.keris-studio.fr\/blog\/?p=2480\">Gavrinis&ndash;le T&eacute;l&eacute;gramme<\/a><\/li><li><a href=\"https:\/\/www.keris-studio.fr\/blog\/?p=5540\">Nauxus&ndash;visite de la ministre<\/a><\/li><li><a href=\"https:\/\/www.keris-studio.fr\/blog\/?p=1382\">Gavrinis et temps r&eacute;el&ndash;premier test<\/a><\/li><li><a href=\"https:\/\/www.keris-studio.fr\/blog\/?p=2959\">Naexus : Travaux de recherche-cr&eacute;ation de Laurent La Torpille sur l&rsquo;immersion et l&rsquo;interactivit&eacute; (Kinect)<\/a><\/li><li><a href=\"https:\/\/www.keris-studio.fr\/blog\/?p=2961\">Cebit&ndash;Hannover<\/a><\/li><li><a href=\"https:\/\/www.keris-studio.fr\/blog\/?p=5550\">Naexus&ndash;visite des ministres au CEBIT<\/a><\/li><li><a href=\"https:\/\/www.keris-studio.fr\/blog\/?p=5314\">Les films 2011-2012<\/a><\/li><li><a href=\"https:\/\/www.keris-studio.fr\/blog\/?p=1215\">Naexus &#8211; Pureform &#8211; Scopitone<\/a><\/li><li><a href=\"https:\/\/www.keris-studio.fr\/blog\/?p=654\">Naexus 0.1 au gersa<\/a><\/li><\/ul><\/p>\n<p><em>Partenaires impliqu\u00e9s : ENSAN-GERSA\/CERMA, Hochschule Anhalt Dessau, R\u00e9gion Pays de la Loire, Ecole Sup\u00e9rieure du Bois, Association Songo (Scopitone), entreprise Vioso.<\/em><\/p>\n<p>Le N\u00e6xus est pr\u00e9sent\u00e9 comme une incarnation moderne de ces principes, un espace de visualisation immersif permettant une interaction active de l&rsquo;utilisateur. Le document souligne l&rsquo;importance du contr\u00f4le technique (flux, lumi\u00e8re, perspective) et de l&rsquo;exp\u00e9rience utilisateur pour cr\u00e9er une sensation d&rsquo;\u00e9merveillement et de pr\u00e9sence.<\/p>\n<p><strong>Th\u00e8mes Principaux :<\/strong><\/p>\n<ol>\n<li><strong>L&rsquo;h\u00e9ritage des Panoramas :<\/strong> Les panoramas, souvent consid\u00e9r\u00e9s comme une attraction d\u00e9su\u00e8te, sont r\u00e9habilit\u00e9s comme des pr\u00e9curseurs des dispositifs immersifs modernes. Ils ne sont pas r\u00e9ductibles \u00e0 de simples images \u00e0 360\u00b0, mais constituent des syst\u00e8mes techniques complexes.<\/li>\n<li><strong>Les Principes de l&rsquo;Immersion :<\/strong> Les principes conceptuels des dispositifs immersifs (contr\u00f4le des flux, mise en sc\u00e8ne de l&rsquo;acc\u00e8s, gestion de la lumi\u00e8re, calcul de la perspective, cr\u00e9ation d&rsquo;une ambiance int\u00e9rieure) sont intemporels et applicables aux technologies num\u00e9riques actuelles.<\/li>\n<li><strong>Le Dispositif N\u00e6xus :<\/strong> Pr\u00e9sent\u00e9 comme une bulle immersive, le N\u00e6xus est un exemple concret de dispositif de visualisation immersif, d\u00e9velopp\u00e9 en collaboration acad\u00e9mique et industrielle.<\/li>\n<li><strong>L&rsquo;Exp\u00e9rience Utilisateur Interactive :<\/strong> Le N\u00e6xus met l&rsquo;accent sur l&rsquo;interactivit\u00e9, permettant \u00e0 l&rsquo;utilisateur d&rsquo;\u00eatre aux commandes de sa visite et d&rsquo;interagir avec l&rsquo;environnement virtuel.<\/li>\n<\/ol>\n<p><strong>Id\u00e9es et Faits Importants :<\/strong><\/p>\n<ul>\n<li>Les panoramas ont annonc\u00e9 l&rsquo;\u00e9volution du th\u00e9\u00e2tre et accompagn\u00e9 le d\u00e9veloppement des techniques visuelles. Ils \u00e9taient des \u00ab\u00a0belv\u00e9d\u00e8res virtuels sur des mondes distants dans l\u2019espace ou le temps\u00a0\u00bb.<\/li>\n<li>La r\u00e9ussite des panoramas reposait sur des \u00e9l\u00e9ments techniques pr\u00e9cis : \u00ab\u00a0la maitrise des flux et la mise en sc\u00e8ne de l\u2019acc\u00e8s du public, le contr\u00f4le stricte de la lumi\u00e8re et de sa diffusion, le calcul de l\u2019illusion donn\u00e9e par la perspective en fonction de points de vue multiples et la r\u00e9alisation d\u2019une ambiance int\u00e9rieure qui sert \u00e0 la fois le contraste avec l\u2019ext\u00e9rieur et l\u2019\u00e9merveillement.\u00a0\u00bb<\/li>\n<li>\u00ab\u00a0Les principes conceptuels visant \u00e0 concevoir un dispositif immersif sont toujours valides aujourd\u2019hui, supportant le passage de l\u2019image peinte \u00e0 l\u2019animation num\u00e9rique car ils sont moins d\u00e9pendants de la technique visuelle que de la sc\u00e9nographie de l\u2019espace de pr\u00e9sentation.\u00a0\u00bb Cette citation est cruciale car elle souligne l&rsquo;importance de la conception spatiale et de la mise en sc\u00e8ne sur la technique pure.<\/li>\n<li>N\u00e6xus est un \u00ab\u00a0dispositif de visualisation immersif d\u00e9velopp\u00e9 \u00e0 l\u2019origine \u00e0 la Hochschule Anhalt (FH) de Dessau et inscrit d\u00e9sormais en coproduction scientifique et technique avec l\u2019Ecole Nationale Sup\u00e9rieure d\u2019Architecture de Nantes, le laboratoire CRENAU.\u00a0\u00bb<\/li>\n<li>Le N\u00e6xus se pr\u00e9sente sous la forme d&rsquo;une \u00ab\u00a0bulle immersive \u00e9quip\u00e9e dans son espace int\u00e9rieur d\u2019un \u00e9cran panoramique et d\u2019enceintes pour la restitution sonore tridimensionnelle.\u00a0\u00bb<\/li>\n<li>La taille du N\u00e6xus permet une utilisation pour \u00ab\u00a0trois-quatre personnes \u00e0 la fois\u00a0\u00bb, avec un rayon maximal de 3m et l&rsquo;utilisateur au centre d&rsquo;un cercle de 5m de diam\u00e8tre.<\/li>\n<li>L&rsquo;impression d&rsquo;immersion dans le N\u00e6xus est obtenue par la \u00ab\u00a0couverture de l\u2019ensemble du champ visuel\u00a0\u00bb gr\u00e2ce \u00e0 un \u00e9cran courb\u00e9 d&rsquo;1m 50 de hauteur.<\/li>\n<li>Techniquement, le N\u00e6xus utilise \u00ab\u00a04 vid\u00e9oprojecteurs classiques de type Home cin\u00e9ma\u00a0\u00bb, mais l&rsquo;image est produite par \u00ab\u00a0une seule machine\u00a0\u00bb, simplifiant le syst\u00e8me pour l&rsquo;utilisateur. L&rsquo;image est ensuite \u00ab\u00a0d\u00e9coup\u00e9e r\u00e9partie sur les vid\u00e9oprojecteurs et recompos\u00e9e sans que les jointures ne se voient.\u00a0\u00bb<\/li>\n<li>L&rsquo;utilisateur du N\u00e6xus peut interagir activement en utilisant une \u00ab\u00a0souris 3D\u00a0\u00bb ou un \u00ab\u00a0tracker\u00a0\u00bb pour piloter sa progression, saisir des objets, d\u00e9clencher des actions ou contr\u00f4ler un avatar.<\/li>\n<li>Le N\u00e6xus est con\u00e7u comme un \u00ab\u00a0objet int\u00e9rieur et ext\u00e9rieur\u00a0\u00bb, avec des surfaces d&rsquo;exposition \u00e0 l&rsquo;ext\u00e9rieur.<\/li>\n<li>Le N\u00e6xus a \u00e9t\u00e9 pr\u00e9sent\u00e9 lors d&rsquo;\u00e9v\u00e9nements comme le Festival Scopitone et participe \u00e0 des partenariats universitaires et institutionnels.<\/li>\n<li>La liste des \u00ab\u00a0Partenaires impliqu\u00e9s\u00a0\u00bb donne une id\u00e9e de la collaboration derri\u00e8re le projet N\u00e6xus : ENSAN-GERSA\/CERMA, Hochschule Anhalt Dessau, R\u00e9gion Pays de la Loire, Ecole Sup\u00e9rieure du Bois, Association Songo (Scopitone), entreprise Vioso.<\/li>\n<\/ul>\n<p><strong>Conclusion :<\/strong><\/p>\n<p>Le site \u00ab\u00a0Immersions-VR | Digital Methodologies and Concepts\u00a0\u00bb offre une perspective nouvelle sur l&rsquo;histoire et les principes de l&rsquo;immersion, d\u00e9montrant la pertinence des concepts anciens dans le contexte des technologies modernes. Le N\u00e6xus est un exemple concret de l&rsquo;application de ces principes, offrant une exp\u00e9rience immersive et interactive qui va au-del\u00e0 de la simple projection d&rsquo;une image \u00e0 360\u00b0. Le succ\u00e8s de tels dispositifs repose sur une combinaison de technique ma\u00eetris\u00e9e et, surtout, sur une sc\u00e9nographie r\u00e9fl\u00e9chie qui met l&rsquo;utilisateur au centre de l&rsquo;exp\u00e9rience.<\/p>\n","protected":false},"excerpt":{"rendered":"<p>Ecouter en podcast : Les panoramas \u00e9voquent souvent une attraction d\u00e9su\u00e8te, n\u00e9e un peu avant le 19\u00e8me si\u00e8cle et terrass\u00e9e par le cin\u00e9ma, \u00e0 l\u2019aube du 20\u00e8me si\u00e8cle. En r\u00e9alit\u00e9, les panoramas, belv\u00e9d\u00e8res virtuels sur des mondes distants dans l\u2019espace ou le temps, annoncent les \u00e9volutions du th\u00e9\u00e2tre qui passeront de la frontalit\u00e9 du th\u00e9\u00e2tre &hellip; <a href=\"https:\/\/www.keris-studio.fr\/blog\/?page_id=2952\" class=\"more-link\">Continuer la lecture de <span class=\"screen-reader-text\">Immersions-VR<\/span>  <span class=\"meta-nav\">&rarr;<\/span><\/a><\/p>\n","protected":false},"author":2,"featured_media":10195,"parent":0,"menu_order":5,"comment_status":"open","ping_status":"closed","template":"","meta":{"footnotes":""},"class_list":["post-2952","page","type-page","status-publish","has-post-thumbnail","hentry"],"_links":{"self":[{"href":"https:\/\/www.keris-studio.fr\/blog\/index.php?rest_route=\/wp\/v2\/pages\/2952","targetHints":{"allow":["GET"]}}],"collection":[{"href":"https:\/\/www.keris-studio.fr\/blog\/index.php?rest_route=\/wp\/v2\/pages"}],"about":[{"href":"https:\/\/www.keris-studio.fr\/blog\/index.php?rest_route=\/wp\/v2\/types\/page"}],"author":[{"embeddable":true,"href":"https:\/\/www.keris-studio.fr\/blog\/index.php?rest_route=\/wp\/v2\/users\/2"}],"replies":[{"embeddable":true,"href":"https:\/\/www.keris-studio.fr\/blog\/index.php?rest_route=%2Fwp%2Fv2%2Fcomments&post=2952"}],"version-history":[{"count":9,"href":"https:\/\/www.keris-studio.fr\/blog\/index.php?rest_route=\/wp\/v2\/pages\/2952\/revisions"}],"predecessor-version":[{"id":14447,"href":"https:\/\/www.keris-studio.fr\/blog\/index.php?rest_route=\/wp\/v2\/pages\/2952\/revisions\/14447"}],"wp:featuredmedia":[{"embeddable":true,"href":"https:\/\/www.keris-studio.fr\/blog\/index.php?rest_route=\/wp\/v2\/media\/10195"}],"wp:attachment":[{"href":"https:\/\/www.keris-studio.fr\/blog\/index.php?rest_route=%2Fwp%2Fv2%2Fmedia&parent=2952"}],"curies":[{"name":"wp","href":"https:\/\/api.w.org\/{rel}","templated":true}]}}